Suppose 0 = 3*l - 2257 - 185. Suppose -21*r - l = -32*r. Calculate the highest common divisor of 2 and r.
2
Let h = 37897 + -19026. Calculate the greatest common factor of 113 and h.
113
Suppose -18*s = 643 - 4639. Let n(t) = -t**3 + 9*t**2 + 10*t - 20. Let x be n(7). What is the greatest common factor of x and s?
74
Let t(z) = 28*z**3 - 2*z**2 + 3*z - 2. Let l be (-126)/(-9)*2/(-4). Let o be 8/36 - l/9. Let i be t(o). What is the highest common divisor of i and 135?
27
Let t be 206 + -1 - 42/(-7). Let n = t + -170. Calculate the highest common divisor of n and 328.
41
Let b = -3043 + 4659. What is the highest common factor of b and 48?
16
Let n = 34 - -50. Let m = 124 - n. What is the greatest common divisor of 520 and m?
40
Let d(x) = 2*x**3 - 4*x**2 - 2*x + 8. Let l be d(2). Suppose -l*t - c + 180 = c, -78 = -2*t + 5*c. What is the highest common divisor of 99 and t?
11
Suppose 0 = -5*z + 4*q + 56, -z + 3*q + 8 = -q. Suppose 88 + 242 = 11*t. What is the greatest common divisor of z and t?
6
Let o be ((-169)/52)/(4/(-16)). What is the highest common divisor of 1183 and o?
13
Let z(q) = -102*q - 968. Let m be z(-11). What is the greatest common divisor of 286 and m?
22
Suppose -4*h + 0 = -36. Suppose 4*n + 25 = h*n. Suppose 1 = y + 4*o, -n*o + 8 + 9 = 2*y. Calculate the greatest common factor of 14 and y.
7
Suppose -64991*k - 352 = -65013*k. What is the greatest common divisor of k and 2308?
4
Let d(b) = -3*b - 3. Suppose -p = -3*q + 26, 26 = 3*q - 2*p + 1. Let f be (5 - 2)/(q/(-6)). Let u be d(f). What is the highest common divisor of 33 and u?
3
Suppose 50 = -21*c + 1121. Let o = c + -37. What is the greatest common factor of o and 518?
14
Suppose 13*f = -13*f + 7*f + 313538. What is the highest common divisor of f and 74?
74
Suppose b + s - 10 = -2*b, -18 = -b - 4*s. Suppose -28 = l - 29, -4*l = b*o - 40. Calculate the greatest common factor of o and 81.
9
Let x be (-2560)/15*(-5727)/166. What is the greatest common factor of 640 and x?
128
Suppose 0 = -4*g, 5*g - 1150 = 4*q - 2310. What is the greatest common divisor of q and 2784?
58
Suppose 363 = 3*p - f, p = -3*f + 99 + 22. Calculate the greatest common factor of p and 187.
11
Let w be (-26)/(-91 + 90 + 1*118/120). What is the highest common divisor of w and 2990?
130
Suppose -29*x + 9 = -26*x. Suppose -33*m = -36*m + o + 388, -x*o + 656 = 5*m. What is the greatest common factor of 26 and m?
26
Let o be (-23)/((-1380)/(-96))*-10. Calculate the greatest common divisor of 1712 and o.
16
Let r be (12958/(-190) - 23)/(37/40 - 1). Calculate the highest common factor of r and 209.
19
Let l(w) = -2*w**3 - 19*w**2 + 14*w + 44. Let g be l(-10). Let a = 10 - 7. Suppose -a*i + 16 = i. Calculate the greatest common factor of g and i.
4
Let j(c) = 2*c**2 + 18*c - 4. Suppose 0 = -27*w - w - 364. Let x be j(w). What is the highest common divisor of 550 and x?
50
Let j(g) = -62*g + 331. Let o be j(4). Let p = -503 + 1084. What is the greatest common divisor of o and p?
83
Let v = 1311 + -1237. What is the highest common factor of 2479 and v?
37
Let w(f) = -2*f**3 - 9*f**2 + 46*f. Suppose 11*m + 120 - 32 = 0. Let p be w(m). What is the highest common divisor of 220 and p?
20
Let n = -28 - -28. Suppose n = 6*z - 7 - 23. Suppose z*x = 2*x - 15, -s + x + 23 = 0. What is the highest common divisor of s and 12?
6
Let p be (-3)/6 - ((-765)/(-6))/3. Let b = -28 - p. Let v = 80 - -25. Calculate the greatest common factor of b and v.
15
Suppose -32*w - 4*u = -36*w + 11324, -4*u + 8542 = 3*w. Calculate the highest common divisor of w and 858.
66
Suppose 4*g - 6*g = 0. Suppose g = -h - 3*h + 100. Suppose 0 = -14*b - 14*b + 280. What is the greatest common divisor of b and h?
5
Suppose s = -3*f + 5318, 68 - 71 = 3*s. Calculate the greatest common divisor of f and 9.
9
Let b = 518 - 360. Suppose 5*x - 1062 - 1694 = -3*j, 4*x - j - 2215 = 0. Calculate the highest common factor of x and b.
79
Let a(w) = 8*w + 6. Let b be a(6). Let n(o) = -5 - 3*o**2 + 26 - 15 + 108*o. Let z be n(36). What is the greatest common divisor of b and z?
6
Let w be (0 + 1)/(5/(-1015)). Let h be w/58*40/(-14). Calculate the greatest common factor of h and 4.
2
Suppose -5*w + 3*a + 20 = -a, 4*w = -2*a + 16. Suppose m = w*m - 54. Suppose 22*j = m*j + 144. What is the highest common factor of 9 and j?
9
Let j = 41 - 44. Let f be 15/9*(72/4)/j. Let b(w) = -9*w - 74. Let z be b(f). What is the highest common factor of z and 2?
2
Let l(o) = 2*o**3 - 3*o**2 + 4*o - 2. Let f be l(2). Let u be 126/f + (-62)/(-155). Let y = 17 + u. What is the highest common divisor of 6 and y?
6
Let n be (-36)/(-45)*5/2. Suppose n*k - k = 16. Suppose 0 = k*a - 20*a + 44. What is the greatest common divisor of a and 33?
11
Let d(r) = 2*r**3 - 4*r**2 + r - 5. Let b be d(3). Let s(p) = b*p - 10*p - 17 - 8*p. Let u be s(-16). Calculate the greatest common factor of 60 and u.
15
Let i be (-630)/4*((-1232)/(-42) + -30). Calculate the highest common factor of 855 and i.
15
Let t = -21 + 26. Suppose 15 = -t*c + 2*l, -4*l = -2*c + 4*c + 30. Let y(q) = -q - 1. Let a be y(c). What is the greatest common divisor of 1 and a?
1
Suppose -6*f + 8 = -5*f, 0 = -4*c + 3*f + 1524. Calculate the highest common factor of 473 and c.
43
Let l = 748 - -396. Suppose 12*i = i + l. Let f = -71 + i. What is the highest common factor of f and 165?
33
Let v(h) = -3*h**2 + 104*h + 38. Let z be v(35). Let a be (7 - 20/(-5)) + z + -4. Let m = -188 - -308. Calculate the greatest common divisor of a and m.
10
Suppose -3*a + 12*a = 0. Let d be (5 - (3 + a))/(2/77). Let l = d + -23. What is the greatest common divisor of 36 and l?
18
Let a(b) = 5*b**2 + 3*b - 2. Let u be a(-2). Suppose 270 = u*h - 3*h. Let n = h + -26. What is the greatest common divisor of n and 64?
4
Suppose -2*f + 5*f + 10388 = 5*l, 2*l - 4*f - 4144 = 0. Calculate the highest common factor of 64 and l.
32
Suppose -7623 = 7*k - 106*k. Suppose 14 = -r + 5*a, 0*a = -2*r + 3*a + 7. Calculate the highest common factor of r and k.
11
Let f = 73 - -149. Let o = -100081 + 100093. What is the highest common factor of f and o?
6
Suppose -3*n - 99 = -o, 290*o + 5*n - 264 = 288*o. Calculate the greatest common divisor of o and 1989.
117
Let v = 3369 - 3351. What is the highest common factor of v and 3438?
18
Let b(d) = 15*d - 35. Let o be b(3). Let m be 34/o - (-12)/(-30) - -202. Suppose -2*k = -3*k + 82. Calculate the greatest common factor of m and k.
41
Suppose -314*k - 3*s - 178 = -316*k, -5*k - 3*s = -466. Calculate the highest common divisor of 6693 and k.
23
Let q be (18/(-10))/((-20)/100). Let d(f) = 23*f**2. Let o be d(3). Calculate the greatest common divisor of q and o.
9
Let l(a) = -a**3 + a**2 + 15*a + 9. Let z be l(-6). Let d = 301 - z. What is the highest common factor of d and 30?
10
Let f = 765 + -515. Suppose -14*y = -30 - f. Let i be 9/15 + (-4 - (-388)/y). What is the highest common divisor of i and 80?
16
Let z = -4367 - -4556. Calculate the highest common factor of z and 108.
27
Suppose -2*f - m + 5 = -11, 5*m - 44 = -4*f. Let s = -18 - -18. Let n = s + f. What is the highest common divisor of n and 24?
6
Let w(c) = -31*c + 394 + 20*c - 25*c - 385. Let n be w(-12). Calculate the highest common divisor of 49 and n.
49
Let f be (-86)/4*(-39 - -35). Let n be (-3)/(-6)*1 + 257/2. Calculate the highest common divisor of f and n.
43
Let q(u) = u**3 - 8*u**2 + 5*u + 11. Let m be q(9). Let n = m + -116. What is the highest common factor of 3 and n?
3
Let v = 44 + -43. Let f be 1 + (-2 + -138)/v. Let q = f + 140. What is the highest common divisor of q and 8?
1
Let c be 12 - 12 - -7*2. Suppose 5*w = -2*r + 1188, 4*w - 13*r = -9*r + 956. What is the highest common divisor of w and c?
14
Let s(i) = -3*i - 27. Let f be s(-10). Suppose -5*t + f*v + 7826 = 1666, 0 = 5*v. Suppose -3*g = -7*g + t. What is the greatest common divisor of g and 28?
28
Suppose 171*w + 4624 + 5006 = 216*w. Calculate the greatest common factor of w and 32956.
214
Suppose 5*d + f = 74, -d - 13*f + 10*f = -12. Suppose -4*q + 189 = -119. Suppose 0 = c - 58 - q. What is the highest common divisor of d and c?
15
Let a(n) = -5*n**2 - n**2 + 14 + 2*n**3 - 4*n**3 + 5*n + n**3. Let x be a(-8). Suppose -x - 136 = -7*q. What is the greatest common factor of q and 17?
1